What is the units digit of 133930?
0
What is the ten thousands digit of 2224966?
2
What is the ten thousands digit of 461106?
6
What is the thousands digit of 1358473?
8
What is the hundred thousands digit of 6835711?
8
What is the millions digit of 1305348?
1
What is the ten thousands digit of 6235469?
3
What is the tens digit of 12007576?
7
What is the hundreds digit of 229764?
7
What is the units digit of 270230?
0
What is the units digit of 3820155?
5
What is the tens digit of 473895?
9
What is the hundred thousands digit of 735099?
7
What is the hundreds digit of 152149?
1
What is the tens digit of 562829?
2
What is the units digit of 747887?
7
What is the units digit of 57973?
3
What is the thousands digit of 1242857?
2
What is the millions digit of 1123361?
1
What is the thousands digit of 814166?
4
What is the thousands digit of 30600387?
0
What is the hundreds digit of 1659624?
6
What is the millions digit of 1292186?
1
What is the tens digit of 2541656?
5
What is the units digit of 3749958?
8
What is the hundreds digit of 6989?
9
What is the ten thousands digit of 1575298?
7
What is the hundred thousands digit of 2200034?
2
What is the tens digit of 1074311?
1
What is the tens digit of 6637940?
4
What is the hundred thousands digit of 4363202?
3
What is the hundreds digit of 826111?
1
What is the tens digit of 277081?
8
What is the millions digit of 7278279?
7
What is the units digit of 443637?
7
What is the tens digit of 8168418?
1
What is the ten thousands digit of 124506?
2
What is the hundred thousands digit of 151804?
1
What is the tens digit of 13810224?
2
What is the ten thousands digit of 448810?
4
What is the thousands digit of 1784022?
4
What is the units digit of 745057?
7
What is the ten thousands digit of 4297109?
9
What is the millions digit of 1245040?
1
What is the hundreds digit of 51693?
6
What is the units digit of 5416035?
5
What is the units digit of 1558056?
6
What is the hundreds digit of 108802?
8
What is the thousands digit of 413854?
3
What is the units digit of 4314?
4
What is the thousands digit of 416831?
6
What is the tens digit of 6143018?
1
What is the hundred thousands digit of 2396066?
3
What is the thousands digit of 1582444?
2
What is the units digit of 387563?
3
What is the ten thousands digit of 7011023?
1
What is the ten thousands digit of 117878?
1
What is the millions digit of 3874151?
3
What is the hundreds digit of 22710579?
5
What is the hundreds digit of 1230283?
2
What is the tens digit of 12473828?
2
What is the ten thousands digit of 4688668?
8
What is the millions digit of 2620507?
2
What is the hundreds digit of 13167512?
5
What is the millions digit of 1070355?
1
What is the units digit of 6283850?
0
What is the millions digit of 2247774?
2
What is the units digit of 55245?
5
What is the units digit of 1056026?
6
What is the units digit of 186227?
7
What is the units digit of 85321?
1
What is the units digit of 2138525?
5
What is the ten thousands digit of 13596218?
9
What is the ten thousands digit of 216025?
1
What is the hundreds digit of 192422?
4
What is the ten thousands digit of 356159?
5
What is the tens digit of 342253?
5
What is the thousands digit of 903752?
3
What is the thousands digit of 255948?
5
What is the thousands digit of 277292?
7
What is the ten thousands digit of 118547?
1
What is the ten thousands digit of 22482620?
8
What is the tens digit of 304140?
4
What is the thousands digit of 414072?
4
What is the thousands digit of 276373?
6
What is the units digit of 310522?
2
What is the hundreds digit of 9390268?
2
What is the thousands digit of 5417388?
7
What is the tens digit of 22084688?
8
What is the hundreds digit of 2813521?
5
What is the hundred thousands digit of 986618?
9
What is the units digit of 167210?
0
What is the millions digit of 8754424?
8
What is the ten thousands digit of 4038237?
3
What is the thousands digit of 460136?
0
What is the ten thousands digit of 710951?
1
What is the tens digit of 54393?
9
What is the ten thousands digit of 12009602?
0
What is the ten thousands digit of 79218?
7
What is the thousands digit of 4520452?
0
What is the hundreds digit of 612015?
0
What is the millions digit of 1603922?
1
What is the hundreds digit of 5198899?
8
What is the units digit of 2920206?
6
What is the units digit of 20426404?
4
What is the ten thousands digit of 7362929?
6
What is the thousands digit of 815344?
5
What is the hundreds digit of 23637025?
0
What is the ten thousands digit of 58535?
5
What is the ten thousands digit of 2349717?
4
What is the hundred thousands digit of 13090050?
0
What is the hundreds digit of 1190007?
0
What is the hundreds digit of 466901?
9
What is the ten thousands digit of 133477?
3
What is the ten thousands digit of 345817?
4
What is the ten thousands digit of 10671752?
7
What is the hundreds digit of 292858?
8
What is the millions digit of 7254494?
7
What is the hundreds digit of 387682?
6
What is the units digit of 98972?
2
What is the units digit of 72581?
1
What is the units digit of 556201?
1
What is the tens digit of 215989?
8
What is the hundred thousands digit of 3446478?
4
What is the ten thousands digit of 1171022?
7
What is the thousands digit of 404631?
4
What is the millions digit of 22706724?
2
What is the thousands digit of 225903?
5
What is the hundred thousands digit of 455452?
4
What is the hundreds digit of 775406?
4
What is the tens digit of 95662?
6
What is the hundreds digit of 3273590?
5
What is the tens digit of 4118055?
5
What is the ten thousands digit of 1225559?
2
What is the units digit of 52172?
2
What is the hundreds digit of 2867744?
7
What is the hundred thousands digit of 640418?
6
What is the hundred thousands digit of 215942?
2
What is the millions digit of 8510664?
8
What is the millions digit of 8774540?
8
What is the hundreds digit of 2979989?
9
What is the hundreds digit of 7933143?
1
What is the units digit of 16655955?
5
What is the hundred thousands digit of 4211465?
2
What is the units digit of 1304520?
0
What is the ten thousands digit of 394050?
9
What is the hundreds digit of 79096?
0
What is the ten thousands digit of 52672?
5
What is the tens digit of 672265?
6
What is the tens digit of 1317301?
0
What is the millions digit of 2072046?
2
What is the hundred thousands digit of 294531?
2
What is the tens digit of 843395?
9
What is the units digit of 224974?
4
What is the tens digit of 3439714?
1
What is the tens digit of 67953?
5
What is the tens digit of 1306460?
6
What is the units digit of 1574571?
1
What is the thousands digit of 376611?
6
What is the ten thousands digit of 7233579?
3
What is the tens digit of 93860?
6
What is the ten thousands digit of 3725642?
2
What is the hundred thousands digit of 197766?
1
What is the tens digit of 103895?
9
What is the units digit of 1544813?
3
What is the hundred thousands digit of 363021?
3
What is the millions digit of 8041982?
8
What is the units digit of 1117256?
6
What is the ten thousands digit of 3220005?
2
What is the tens digit of 4876017?
1
What is the tens digit of 1452010?
1
What is the millions digit of 2160751?
2
What is the thousands digit of 975517?
5
What is the units digit of 2312766?
6
What is the units digit of 76515?
5
What is the hundreds digit of 12022208?
2
What is the tens digit of 8013807?
0
What is the units digit of 314992?
2
What is the units digit of 525234?
4
What is the hundred thousands digit of 673242?
6
What is the hundred thousands digit of 1070793?
0
What is the millions digit of 1446855?
1
What is the hundred thousands digit of 6264184?
2
What is the ten thousands digit of 267375?
6
What is the tens digit of 96006?
0
What is the units digit of 300?
0
What is the hundred thousands digit of 9933536?
9
What is the units digit of 240738?
8
What is the hundreds digit of 38637?
6
What is the hundred thousands digit of 1108500?
1
What is the hundred thousands digit of 3232941?
2
What is the hundreds digit of 8382946?
9
What is the ten millions digit of 14231293?
1
What is the ten thousands digit of 7998207?
9
What is the hundred thousands digit of 26139996?
1
What is the thousands digit of 20863400?
3
What is the tens digit of 68009?
0
What is the millions digit of 40409648?
0
What is